ed by 51?
50
What is the remainder when 82 is divided by 68?
14
Calculate the remainder when 529 is divided by 41.
37
What is the remainder when 297 is divided by 81?
54
What is the remainder when 1110 is divided by 40?
30
What is the remainder when 422 is divided by 53?
51
Calculate the remainder when 41 is divided by 21.
20
Calculate the remainder when 73 is divided by 42.
31
Calculate the remainder when 154 is divided by 28.
14
Calculate the remainder when 35 is divided by 26.
9
Calculate the remainder when 1898 is divided by 17.
11
What is the remainder when 3290 is divided by 273?
14
Calculate the remainder when 911 is divided by 11.
9
Calculate the remainder when 219 is divided by 75.
69
Calculate the remainder when 3261 is divided by 17.
14
What is the remainder when 200 is divided by 61?
17
What is the remainder when 107 is divided by 15?
2
Calculate the remainder when 1449 is divided by 33.
30
Calculate the remainder when 110 is divided by 13.
6
What is the remainder when 703 is divided by 348?
7
What is the remainder when 222 is divided by 71?
9
Calculate the remainder when 2403 is divided by 14.
9
Calculate the remainder when 154 is divided by 43.
25
What is the remainder when 2857 is divided by 22?
19
What is the remainder when 408 is divided by 134?
6
Calculate the remainder when 717 is divided by 164.
61
Calculate the remainder when 52 is divided by 4.
0
Calculate the remainder when 468 is divided by 161.
146
Calculate the remainder when 87 is divided by 30.
27
Calculate the remainder when 118 is divided by 99.
19
What is the remainder when 270 is divided by 13?
10
What is the remainder when 237 is divided by 112?
13
What is the remainder when 31 is divided by 7?
3
What is the remainder when 3099 is divided by 516?
3
Calculate the remainder when 319 is divided by 41.
32
What is the remainder when 637 is divided by 6?
1
Calculate the remainder when 338 is divided by 34.
32
What is the remainder when 201 is divided by 73?
55
Calculate the remainder when 201 is divided by 46.
17
What is the remainder when 311 is divided by 26?
25
Calculate the remainder when 583 is divided by 73.
72
What is the remainder when 28 is divided by 23?
5
What is the remainder when 1999 is divided by 80?
79
Calculate the remainder when 64 is divided by 24.
16
What is the remainder when 1255 is divided by 69?
13
Calculate the remainder when 238 is divided by 7.
0
What is the remainder when 398 is divided by 178?
42
What is the remainder when 69 is divided by 41?
28
What is the remainder when 400 is divided by 253?
147
What is the remainder when 559 is divided by 184?
7
Calculate the remainder when 1125 is divided by 231.
201
What is the remainder when 869 is divided by 12?
5
What is the remainder when 99 is divided by 17?
14
Calculate the remainder when 705 is divided by 150.
105
What is the remainder when 127 is divided by 75?
52
Calculate the remainder when 3310 is divided by 1103.
1
Calculate the remainder when 30384 is divided by 7.
4
Calculate the remainder when 448 is divided by 30.
28
Calculate the remainder when 233 is divided by 77.
2
Calculate the remainder when 574 is divided by 18.
16
Calculate the remainder when 728 is divided by 12.
8
Calculate the remainder when 1478 is divided by 492.
2
Calculate the remainder when 524 is divided by 31.
28
Calculate the remainder when 354 is divided by 112.
18
What is the remainder when 6290 is divided by 29?
26
What is the remainder when 48 is divided by 12?
0
What is the remainder when 43707 is divided by 94?
91
What is the remainder when 4340 is divided by 29?
19
What is the remainder when 162 is divided by 35?
22
Calculate the remainder when 1082 is divided by 359.
5
What is the remainder when 764 is divided by 35?
29
Calculate the remainder when 95 is divided by 49.
46
Calculate the remainder when 788 is divided by 18.
14
What is the remainder when 89997 is divided by 301?
299
Calculate the remainder when 251 is divided by 28.
27
What is the remainder when 2517 is divided by 72?
69
What is the remainder when 1547 is divided by 129?
128
What is the remainder when 1860 is divided by 98?
96
What is the remainder when 483 is divided by 118?
11
What is the remainder when 216 is divided by 20?
16
Calculate the remainder when 796 is divided by 262.
10
What is the remainder when 1426 is divided by 119?
117
Calculate the remainder when 1844 is divided by 374.
348
Calculate the remainder when 18 is divided by 2.
0
What is the remainder when 1060 is divided by 104?
20
Calculate the remainder when 529 is divided by 38.
35
Calculate the remainder when 84 is divided by 36.
12
What is the remainder when 66 is divided by 7?
3
Calculate the remainder when 4725 is divided by 19.
13
What is the remainder when 1866 is divided by 930?
6
What is the remainder when 796 is divided by 79?
6
What is the remainder when 132 is divided by 19?
18
Calculate the remainder when 35 is divided by 12.
11
Calculate the remainder when 182 is divided by 17.
12
Calculate the remainder when 186 is divided by 17.
16
What is the remainder when 52 is divided by 10?
2
Calculate the remainder when 104 is divided by 24.
8
Calculate the remainder when 165 is divided by 84.
81
What is the remainder when 78 is divided by 16?
14
Calculate the remainder when 178 is divided by 54.
16
What is the remainder when 277 is divided by 79?
40
What is the remainder when 213 is divided by 28?
17
What is the remainder when 1245 is divided by 366?
147
Calculate the remainder when 473 is divided by 78.
5
What is the remainder when 1832 is divided by 130?
12
Calculate the remainder when 312 is divided by 37.
16
What is the remainder when 310 is divided by 45?
40
What is the remainder when 234 is divided by 81?
72
Calculate the remainder when 11408 is divided by 14.
12
Calculate the remainder when 139 is divided by 23.
1
Calculate the remainder when 2469 is divided by 13.
12
Calculate the remainder when 123 is divided by 42.
39
What is the remainder when 70 is divided by 11?
4
What is the remainder when 2810 is divided by 91?
80
What is the remainder when 35602 is divided by 38?
34
Calculate the remainder when 1732 is divided by 62.
58
What is the remainder when 741 is divided by 66?
15
What is the remainder when 147 is divided by 73?
1
What is the remainder when 45585 is divided by 46?
45
Calculate the remainder when 645 is divided by 34.
33
Calculate the remainder when 777 is divided by 13.
10
What is the remainder when 78 is divided by 31?
16
What is the remainder when 569 is divided by 25?
19
What is the remainder when 1763 is divided by 31?
27
What is the remainder when 51 is divided by 27?
24
What is the remainder when 158 is divided by 9?
5
Calculate the remainder when 434 is divided by 29.
28
Calculate the remainder when 168 is divided by 85.
83
What is the remainder when 897 is divided by 75?
72
Calculate the remainder when 8367 is divided by 62.
59
Calculate the remainder when 43 is divided by 15.
13
What is the remainder when 400 is divided by 122?
34
Calculate the remainder when 72 is divided by 40.
32
Calculate the remainder when 356 is divided by 21.
20
What is the remainder when 67 is divided by 52?
15
Calculate the remainder when 121 is divided by 31.
28
What is the remainder when 531 is divided by 130?
11
What is the remainder when 41 is divided by 29?
12
What is the remainder when 911 is divided by 48?
47
What is the remainder when 30 is divided by 20?
10
Calculate the remainder when 99 is divided by 41.
17
Calculate the remainder when 1151 is divided by 172.
119
What is the remainder when 341 is divided by 49?
47
Calculate the remainder when 422 is divided by 129.
35
Calculate the remainder when 2878 is divided by 90.
88
What is the remainder when 475 is divided by 122?
109
What is the remainder when 2318 is divided by 40?
38
Calculate the remainder when 1828 is divided by 165.
13
What is the remainder when 8600 is divided by 22?
20
What is the remainder when 467 is divided by 223?
21
What is the remainder when 1612 is divided by 12?
4
What is the remainder when 1196 is divided by 9?
8
What is the remainder when 359 is divided by 5?
4
Calculate the remainder when 15769 is divided by 66.
61
Calculate the remainder when 251 is divided by 21.
20
Wha